{"id":3531,"date":"2022-08-14T10:27:21","date_gmt":"2022-08-14T09:27:21","guid":{"rendered":"https:\/\/tinypopup.de\/?post_type=tribe_events&#038;p=3531"},"modified":"2022-09-02T16:10:27","modified_gmt":"2022-09-02T14:10:27","slug":"besichtigung-des-tiny-dahome-und-tiny-popup-projekt","status":"publish","type":"tribe_events","link":"https:\/\/tinypopup.de\/tiny-house-muenchen\/event\/besichtigung-des-tiny-dahome-und-tiny-popup-projekt\/","title":{"rendered":"Tiny House Besichtigung"},"content":{"rendered":"\r\n\r\n\r\n<h2>Das grosse Ganze im kleinen Haus &#8211; Tiny House Besichtigung<\/h2>\r\n<p>Am 3.9.2022 \u00f6ffnen wir f\u00fcr dich die T\u00fcren unseres &#8222;<a href=\"https:\/\/tinypopup.de\/tiny-popup-pullach-und-tiny-dahome\/\">Tiny DaHome<\/a>&#8220; in Pullach.<\/p>\r\n<p>Bekomme einen Eindruck dieser minimalistischen Wohnform und lasse dich von unseren Ideen inspirieren! Egal ob Stromautarkie, Sanit\u00e4rwende, \u00f6kologisches Bauen oder suffizient Leben &#8211; wir berichten von \u00fcber drei Jahren Tiny Living in M\u00fcnchen und beantworten deine Fragen.<\/p>\r\n<h3>Anmeldung<\/h3>\r\n<p>Damit wir w\u00e4hrend der Tiny House Besichtigung auch Zeit f\u00fcr deine individuellen Fragen und spannende Gespr\u00e4che haben, sind die Pl\u00e4tze beschr\u00e4nkt. Bitte melde dich rechtzeitig f\u00fcr die Veranstaltung an.<\/p>\r\n<h3>Kosten<\/h3>\r\n<p>Die F\u00fchrung ist kostenlos. Wir w\u00fcrden uns aber sehr \u00fcber eine Spende freuen, um uns auch in Zukunft f\u00fcr Tiny Living und Nachhaltigkeit einsetzen zu k\u00f6nnen.<code><\/code><\/p>\r\n\r\n\r\n\r\n\r\n\r\n\r\n\r\n<div class=\"wp-block-columns is-layout-flex wp-container-core-columns-is-layout-9d6595d7 wp-block-columns-is-layout-flex\">\r\n<div class=\"wp-block-column is-layout-flow wp-block-column-is-layout-flow\" style=\"flex-basis: 100%;\">\r\n<div class=\"wp-block-group alignwide\"><div class=\"wp-block-group__inner-container is-layout-flow wp-block-group-is-layout-flow\"><\/div><\/div>\r\n<\/div>\r\n<\/div>\r\n\r\n\r\n\t<div class=\"fusion-sharing-box fusion-theme-sharing-box fusion-single-sharing-box\">\n\t\t<h4>Teile diesen Beitrag!<\/h4>\n\t\t<div class=\"fusion-social-networks boxed-icons\"><div class=\"fusion-social-networks-wrapper\"><a  class=\"fusion-social-network-icon fusion-tooltip fusion-facebook awb-icon-facebook\" style=\"color:var(--sharing_social_links_icon_color);background-color:var(--sharing_social_links_box_color);border-color:var(--sharing_social_links_box_color);\" data-placement=\"top\" data-title=\"Facebook\" data-toggle=\"tooltip\" title=\"Facebook\" href=\"https:\/\/www.facebook.com\/sharer.php?u=https%3A%2F%2Ftinypopup.de%2Ftiny-house-muenchen%2Fevent%2Fbesichtigung-des-tiny-dahome-und-tiny-popup-projekt%2F&amp;t=Tiny%20House%20Besichtigung\" target=\"_blank\" rel=\"noreferrer\"><span class=\"screen-reader-text\">Facebook<\/span><\/a><a  class=\"fusion-social-network-icon fusion-tooltip fusion-twitter awb-icon-twitter\" style=\"color:var(--sharing_social_links_icon_color);background-color:var(--sharing_social_links_box_color);border-color:var(--sharing_social_links_box_color);\" data-placement=\"top\" data-title=\"Twitter\" data-toggle=\"tooltip\" title=\"Twitter\" href=\"https:\/\/twitter.com\/share?url=https%3A%2F%2Ftinypopup.de%2Ftiny-house-muenchen%2Fevent%2Fbesichtigung-des-tiny-dahome-und-tiny-popup-projekt%2F&amp;text=Tiny%20House%20Besichtigung\" target=\"_blank\" rel=\"noopener noreferrer\"><span class=\"screen-reader-text\">Twitter<\/span><\/a><a  class=\"fusion-social-network-icon fusion-tooltip fusion-linkedin awb-icon-linkedin\" style=\"color:var(--sharing_social_links_icon_color);background-color:var(--sharing_social_links_box_color);border-color:var(--sharing_social_links_box_color);\" data-placement=\"top\" data-title=\"LinkedIn\" data-toggle=\"tooltip\" title=\"LinkedIn\" href=\"https:\/\/www.linkedin.com\/shareArticle?mini=true&amp;url=https%3A%2F%2Ftinypopup.de%2Ftiny-house-muenchen%2Fevent%2Fbesichtigung-des-tiny-dahome-und-tiny-popup-projekt%2F&amp;title=Tiny%20House%20Besichtigung&amp;summary=Das%20grosse%20Ganze%20im%20kleinen%20Haus%20-%20Tiny%20House%20Besichtigung%0D%0AAm%203.9.2022%20%C3%B6ffnen%20wir%20f%C3%BCr%20dich%20die%20T%C3%BCren%20unseres%20%22Tiny%20DaHome%22%20in%20Pullach.%0D%0ABekomme%20einen%20Eindruck%20dieser%20minimalistischen%20Wohnform%20und%20lasse%20dich%20von%20unseren%20Ideen%20inspirieren%21%20Egal%20ob%20Stromauta\" target=\"_blank\" rel=\"noopener noreferrer\"><span class=\"screen-reader-text\">LinkedIn<\/span><\/a><a  class=\"fusion-social-network-icon fusion-tooltip fusion-whatsapp awb-icon-whatsapp\" style=\"color:var(--sharing_social_links_icon_color);background-color:var(--sharing_social_links_box_color);border-color:var(--sharing_social_links_box_color);\" data-placement=\"top\" data-title=\"WhatsApp\" data-toggle=\"tooltip\" title=\"WhatsApp\" href=\"https:\/\/api.whatsapp.com\/send?text=https%3A%2F%2Ftinypopup.de%2Ftiny-house-muenchen%2Fevent%2Fbesichtigung-des-tiny-dahome-und-tiny-popup-projekt%2F\" target=\"_blank\" rel=\"noopener noreferrer\"><span class=\"screen-reader-text\">WhatsApp<\/span><\/a><a  class=\"fusion-social-network-icon fusion-tooltip fusion-mail awb-icon-mail fusion-last-social-icon\" style=\"color:var(--sharing_social_links_icon_color);background-color:var(--sharing_social_links_box_color);border-color:var(--sharing_social_links_box_color);\" data-placement=\"top\" data-title=\"E-Mail\" data-toggle=\"tooltip\" title=\"E-Mail\" href=\"mailto:?body=https:\/\/tinypopup.de\/tiny-house-muenchen\/event\/besichtigung-des-tiny-dahome-und-tiny-popup-projekt\/&amp;subject=Tiny%20House%20Besichtigung\" target=\"_self\" rel=\"noopener noreferrer\"><span class=\"screen-reader-text\">E-Mail<\/span><\/a><div class=\"fusion-clearfix\"><\/div><\/div><\/div>\t<\/div>\n\t","protected":false},"excerpt":{"rendered":"<p>Das grosse Ganze im kleinen Haus &#8211; Tiny House Besichtigung Am 3.9.2022 \u00f6ffnen wir f\u00fcr dich die T\u00fcren unseres &#8222;Tiny DaHome&#8220; in Pullach. Bekomme einen Eindruck dieser minimalistischen Wohnform und lasse dich von unseren Ideen inspirieren! Egal ob Stromautarkie, Sanit\u00e4rwende, \u00f6kologisches Bauen oder suffizient Leben &#8211; wir berichten von \u00fcber drei Jahren Tiny Living in [&hellip;]<\/p>\n","protected":false},"author":1,"featured_media":3502,"template":"","meta":{"_tribe_events_status":"","_tribe_events_status_reason":"","footnotes":""},"tags":[],"tribe_events_cat":[79],"class_list":["post-3531","tribe_events","type-tribe_events","status-publish","has-post-thumbnail","hentry","tribe_events_cat-tiny-popup-pullach","cat_tiny-popup-pullach"],"jetpack_sharing_enabled":true,"_links":{"self":[{"href":"https:\/\/tinypopup.de\/tiny-house-muenchen\/wp-json\/wp\/v2\/tribe_events\/3531","targetHints":{"allow":["GET"]}}],"collection":[{"href":"https:\/\/tinypopup.de\/tiny-house-muenchen\/wp-json\/wp\/v2\/tribe_events"}],"about":[{"href":"https:\/\/tinypopup.de\/tiny-house-muenchen\/wp-json\/wp\/v2\/types\/tribe_events"}],"author":[{"embeddable":true,"href":"https:\/\/tinypopup.de\/tiny-house-muenchen\/wp-json\/wp\/v2\/users\/1"}],"version-history":[{"count":0,"href":"https:\/\/tinypopup.de\/tiny-house-muenchen\/wp-json\/wp\/v2\/tribe_events\/3531\/revisions"}],"wp:featuredmedia":[{"embeddable":true,"href":"https:\/\/tinypopup.de\/tiny-house-muenchen\/wp-json\/wp\/v2\/media\/3502"}],"wp:attachment":[{"href":"https:\/\/tinypopup.de\/tiny-house-muenchen\/wp-json\/wp\/v2\/media?parent=3531"}],"wp:term":[{"taxonomy":"post_tag","embeddable":true,"href":"https:\/\/tinypopup.de\/tiny-house-muenchen\/wp-json\/wp\/v2\/tags?post=3531"},{"taxonomy":"tribe_events_cat","embeddable":true,"href":"https:\/\/tinypopup.de\/tiny-house-muenchen\/wp-json\/wp\/v2\/tribe_events_cat?post=3531"}],"curies":[{"name":"wp","href":"https:\/\/api.w.org\/{rel}","templated":true}]}}

<h2>Das grosse Ganze im kleinen Haus &#8211; Tiny House Besichtigung</h2>
<p>Am 3.9.2022 öffnen wir für dich die Türen unseres &#8222;<a href="https://tinypopup.de/tiny-popup-pullach-und-tiny-dahome/">Tiny DaHome</a>&#8220; in Pullach.</p>
<p>Bekomme einen Eindruck dieser minimalistischen Wohnform und lasse dich von unseren Ideen inspirieren! Egal ob Stromautarkie, Sanitärwende, ökologisches Bauen oder suffizient Leben &#8211; wir berichten von über drei Jahren Tiny Living in München und beantworten deine Fragen.</p>
<h3>Anmeldung</h3>
<p>Damit wir während der Tiny House Besichtigung auch Zeit für deine individuellen Fragen und spannende Gespräche haben, sind die Plätze beschränkt. Bitte melde dich rechtzeitig für die Veranstaltung an.</p>
<h3>Kosten</h3>
<p>Die Führung ist kostenlos. Wir würden uns aber sehr über eine Spende freuen, um uns auch in Zukunft für Tiny Living und Nachhaltigkeit einsetzen zu können.<code></code></p>







<div class="wp-block-columns is-layout-flex wp-container-core-columns-is-layout-9d6595d7 wp-block-columns-is-layout-flex">
<div class="wp-block-column is-layout-flow wp-block-column-is-layout-flow" style="flex-basis: 100%;">
<div class="wp-block-group alignwide"><div class="wp-block-group__inner-container is-layout-flow wp-block-group-is-layout-flow"></div></div>
</div>
</div>


	<div class="fusion-sharing-box fusion-theme-sharing-box fusion-single-sharing-box">
		<h4>Teile diesen Beitrag!</h4>
		<div class="fusion-social-networks boxed-icons"><div class="fusion-social-networks-wrapper"><a  class="fusion-social-network-icon fusion-tooltip fusion-facebook awb-icon-facebook" style="color:var(--sharing_social_links_icon_color);background-color:var(--sharing_social_links_box_color);border-color:var(--sharing_social_links_box_color);" data-placement="top" data-title="Facebook" data-toggle="tooltip" title="Facebook" href="https://www.facebook.com/sharer.php?u=https%3A%2F%2Ftinypopup.de%2Ftiny-house-muenchen%2Fevent%2Fbesichtigung-des-tiny-dahome-und-tiny-popup-projekt%2F&amp;t=Tiny%20House%20Besichtigung" target="_blank" rel="noreferrer"><span class="screen-reader-text">Facebook</span></a><a  class="fusion-social-network-icon fusion-tooltip fusion-twitter awb-icon-twitter" style="color:var(--sharing_social_links_icon_color);background-color:var(--sharing_social_links_box_color);border-color:var(--sharing_social_links_box_color);" data-placement="top" data-title="Twitter" data-toggle="tooltip" title="Twitter" href="https://twitter.com/share?url=https%3A%2F%2Ftinypopup.de%2Ftiny-house-muenchen%2Fevent%2Fbesichtigung-des-tiny-dahome-und-tiny-popup-projekt%2F&amp;text=Tiny%20House%20Besichtigung" target="_blank" rel="noopener noreferrer"><span class="screen-reader-text">Twitter</span></a><a  class="fusion-social-network-icon fusion-tooltip fusion-linkedin awb-icon-linkedin" style="color:var(--sharing_social_links_icon_color);background-color:var(--sharing_social_links_box_color);border-color:var(--sharing_social_links_box_color);" data-placement="top" data-title="LinkedIn" data-toggle="tooltip" title="LinkedIn" href="https://www.linkedin.com/shareArticle?mini=true&amp;url=https%3A%2F%2Ftinypopup.de%2Ftiny-house-muenchen%2Fevent%2Fbesichtigung-des-tiny-dahome-und-tiny-popup-projekt%2F&amp;title=Tiny%20House%20Besichtigung&amp;summary=Das%20grosse%20Ganze%20im%20kleinen%20Haus%20-%20Tiny%20House%20Besichtigung%0D%0AAm%203.9.2022%20%C3%B6ffnen%20wir%20f%C3%BCr%20dich%20die%20T%C3%BCren%20unseres%20%22Tiny%20DaHome%22%20in%20Pullach.%0D%0ABekomme%20einen%20Eindruck%20dieser%20minimalistischen%20Wohnform%20und%20lasse%20dich%20von%20unseren%20Ideen%20inspirieren%21%20Egal%20ob%20Stromauta" target="_blank" rel="noopener noreferrer"><span class="screen-reader-text">LinkedIn</span></a><a  class="fusion-social-network-icon fusion-tooltip fusion-whatsapp awb-icon-whatsapp" style="color:var(--sharing_social_links_icon_color);background-color:var(--sharing_social_links_box_color);border-color:var(--sharing_social_links_box_color);" data-placement="top" data-title="WhatsApp" data-toggle="tooltip" title="WhatsApp" href="https://api.whatsapp.com/send?text=https%3A%2F%2Ftinypopup.de%2Ftiny-house-muenchen%2Fevent%2Fbesichtigung-des-tiny-dahome-und-tiny-popup-projekt%2F" target="_blank" rel="noopener noreferrer"><span class="screen-reader-text">WhatsApp</span></a><a  class="fusion-social-network-icon fusion-tooltip fusion-mail awb-icon-mail fusion-last-social-icon" style="color:var(--sharing_social_links_icon_color);background-color:var(--sharing_social_links_box_color);border-color:var(--sharing_social_links_box_color);" data-placement="top" data-title="E-Mail" data-toggle="tooltip" title="E-Mail" href="mailto:?body=https://tinypopup.de/tiny-house-muenchen/event/besichtigung-des-tiny-dahome-und-tiny-popup-projekt/&amp;subject=Tiny%20House%20Besichtigung" target="_self" rel="noopener noreferrer"><span class="screen-reader-text">E-Mail</span></a><div class="fusion-clearfix"></div></div></div>	</div>

<p>Das grosse Ganze im kleinen Haus &#8211; Tiny House Besichtigung Am 3.9.2022 öffnen wir für dich die Türen unseres &#8222;Tiny DaHome&#8220; in Pullach. Bekomme einen Eindruck dieser minimalistischen Wohnform und lasse dich von unseren Ideen inspirieren! Egal ob Stromautarkie, Sanitärwende, ökologisches Bauen oder suffizient Leben &#8211; wir berichten von über drei Jahren Tiny Living in [&hellip;]</p>
