{"id":3547,"date":"2022-08-17T10:57:23","date_gmt":"2022-08-17T08:57:23","guid":{"rendered":"https:\/\/tinypopup.de\/?post_type=tribe_events&#038;p=3547"},"modified":"2022-08-17T11:43:27","modified_gmt":"2022-08-17T09:43:27","slug":"wanderausstellung-zum-muenchner-klimaherbst-2022","status":"publish","type":"tribe_events","link":"https:\/\/tinypopup.de\/tiny-house-muenchen\/event\/wanderausstellung-zum-muenchner-klimaherbst-2022\/","title":{"rendered":"Wanderausstellung zum M\u00fcnchner Klimaherbst 2022"},"content":{"rendered":"<h2>Das Referat f\u00fcr Klima- und Umweltschutz pr\u00e4sentiert \u201eWege in die Zukunft \u2013 f\u00fcr Dich und die Welt\u201c.<\/h2>\r\n<p>In der vom Referat f\u00fcr Klima- und Umweltschutz pr\u00e4sentierten Ausstellung \u201eWege in die Zukunft \u2013 f\u00fcr Dich und die Welt\u201c haben Besucher*innen ab 10 Jahren w\u00e4hrend des diesj\u00e4hrigen Klimaherbstes die Gelegenheit, \u00fcber sechs Themenfelder des allt\u00e4glichen Lebens in den Klima- und Umweltschutz einzusteigen. Mit anschaulichen Objekten, kurzen Videos und einem Check des eigenen \u00f6kologischen Fu\u00dfabdrucks wird anhand der 17 Ziele f\u00fcr nachhaltige Entwicklung gezeigt, wie der pers\u00f6nliche Lebensstil mit den Herausforderungen einer global nachhaltigen Entwicklung zusammenh\u00e4ngt. Viele verschiedene M\u00fcnchner Organisationen und das Referat f\u00fcr Klima- und Umweltschutz stellen ihre aktuellen Projekte f\u00fcr ein nachhaltiges und lebenswertes M\u00fcnchen in der Ausstellung vor und stehen den Besucher*innen zu verschiedenen Terminen f\u00fcr pers\u00f6nliche Gespr\u00e4che zur Verf\u00fcgung. Kommen Sie vorbei und machen Sie mit!<br \/><div class=\"fusion-align-block\"><style>.fusion-button.button-1{border-radius:0px 0px 0px 0px;}<\/style><a class=\"fusion-button button-flat fusion-button-default-size button-default button-1 fusion-button-default-span fusion-button-default-type\" target=\"_blank\" rel=\"noopener noreferrer\" href=\"http:\/\/muenchen.de\/rku\/klimaherbst\"><span class=\"fusion-button-text\">Alle Infos findest du hier!<\/span><\/a><\/div><\/p>\r\n<p>Wir stellen am <strong>Samstag, den 22. Oktober von 13 bis 14.30 Uhr<\/strong> im pers\u00f6nlichen Gespr\u00e4ch mit den Ausstellungsbesucher*innen unser Projekt vor und erz\u00e4hlen von unseren L\u00f6sungen im Kleinen, die das gro\u00dfe Ganze im Blick haben.<\/p>\r\n<div class=\"fusion-align-block\"><style>.fusion-button.button-2{border-radius:0px 0px 0px 0px;}<\/style><a class=\"fusion-button button-flat fusion-button-default-size button-default button-2 fusion-button-default-span fusion-button-default-type\" target=\"_self\" href=\"https:\/\/tinypopup.de\/event\/felicia-und-jonas-im-persoenlichen-gespraech\"><span class=\"fusion-button-text\">Felicia &amp; Jonas im pers\u00f6nlichen Gespr\u00e4ch<\/span><\/a><\/div>\r\n<p>&nbsp;<\/p>\r\n\r\n\r\n\r\n\r\n\r\n\r\n\r\n\r\n\t<div class=\"fusion-sharing-box fusion-theme-sharing-box fusion-single-sharing-box\">\n\t\t<h4>Teile diesen Beitrag!<\/h4>\n\t\t<div class=\"fusion-social-networks boxed-icons\"><div class=\"fusion-social-networks-wrapper\"><a class=\"fusion-social-network-icon fusion-tooltip fusion-facebook awb-icon-facebook\" style=\"color:var(--sharing_social_links_icon_color);background-color:var(--sharing_social_links_box_color);border-color:var(--sharing_social_links_box_color);\" data-placement=\"top\" data-title=\"Facebook\" data-toggle=\"tooltip\" title=\"Facebook\" href=\"https:\/\/www.facebook.com\/sharer.php?u=https%3A%2F%2Ftinypopup.de%2Ftiny-house-muenchen%2Fevent%2Fwanderausstellung-zum-muenchner-klimaherbst-2022%2F&amp;t=Wanderausstellung%20zum%20M%C3%BCnchner%20Klimaherbst%202022\" target=\"_blank\" rel=\"noreferrer\"><span class=\"screen-reader-text\">Facebook<\/span><\/a><a class=\"fusion-social-network-icon fusion-tooltip fusion-twitter awb-icon-twitter\" style=\"color:var(--sharing_social_links_icon_color);background-color:var(--sharing_social_links_box_color);border-color:var(--sharing_social_links_box_color);\" data-placement=\"top\" data-title=\"Twitter\" data-toggle=\"tooltip\" title=\"Twitter\" href=\"https:\/\/twitter.com\/share?url=https%3A%2F%2Ftinypopup.de%2Ftiny-house-muenchen%2Fevent%2Fwanderausstellung-zum-muenchner-klimaherbst-2022%2F&amp;text=Wanderausstellung%20zum%20M%C3%BCnchner%20Klimaherbst%202022\" target=\"_blank\" rel=\"noopener noreferrer\"><span class=\"screen-reader-text\">Twitter<\/span><\/a><a class=\"fusion-social-network-icon fusion-tooltip fusion-linkedin awb-icon-linkedin\" style=\"color:var(--sharing_social_links_icon_color);background-color:var(--sharing_social_links_box_color);border-color:var(--sharing_social_links_box_color);\" data-placement=\"top\" data-title=\"LinkedIn\" data-toggle=\"tooltip\" title=\"LinkedIn\" href=\"https:\/\/www.linkedin.com\/shareArticle?mini=true&amp;url=https%3A%2F%2Ftinypopup.de%2Ftiny-house-muenchen%2Fevent%2Fwanderausstellung-zum-muenchner-klimaherbst-2022%2F&amp;title=Wanderausstellung%20zum%20M%C3%BCnchner%20Klimaherbst%202022&amp;summary=Das%20Referat%20f%C3%BCr%20Klima-%20und%20Umweltschutz%20pr%C3%A4sentiert%20%E2%80%9EWege%20in%20die%20Zukunft%20%E2%80%93%20f%C3%BCr%20Dich%20und%20die%20Welt%E2%80%9C.%0D%0AIn%20der%20vom%20Referat%20f%C3%BCr%20Klima-%20und%20Umweltschutz%20pr%C3%A4sentierten%20Ausstellung%20%E2%80%9EWege%20in%20die%20Zukunft%20%E2%80%93%20f%C3%BCr%20Dich%20und%20die%20Welt%E2%80%9C%20haben%20Besucher%2Ainnen%20ab%2010%20Jahren%20w%C3%A4h\" target=\"_blank\" rel=\"noopener noreferrer\"><span class=\"screen-reader-text\">LinkedIn<\/span><\/a><a class=\"fusion-social-network-icon fusion-tooltip fusion-whatsapp awb-icon-whatsapp\" style=\"color:var(--sharing_social_links_icon_color);background-color:var(--sharing_social_links_box_color);border-color:var(--sharing_social_links_box_color);\" data-placement=\"top\" data-title=\"WhatsApp\" data-toggle=\"tooltip\" title=\"WhatsApp\" href=\"https:\/\/api.whatsapp.com\/send?text=https%3A%2F%2Ftinypopup.de%2Ftiny-house-muenchen%2Fevent%2Fwanderausstellung-zum-muenchner-klimaherbst-2022%2F\" target=\"_blank\" rel=\"noopener noreferrer\"><span class=\"screen-reader-text\">WhatsApp<\/span><\/a><a  class=\"fusion-social-network-icon fusion-tooltip fusion-mail awb-icon-mail fusion-last-social-icon\" style=\"color:var(--sharing_social_links_icon_color);background-color:var(--sharing_social_links_box_color);border-color:var(--sharing_social_links_box_color);\" data-placement=\"top\" data-title=\"E-Mail\" data-toggle=\"tooltip\" title=\"E-Mail\" href=\"mailto:?body=https:\/\/tinypopup.de\/tiny-house-muenchen\/event\/wanderausstellung-zum-muenchner-klimaherbst-2022\/&amp;subject=Wanderausstellung%20zum%20M%C3%BCnchner%20Klimaherbst%202022\" target=\"_self\" rel=\"noopener noreferrer\"><span class=\"screen-reader-text\">E-Mail<\/span><\/a><div class=\"fusion-clearfix\"><\/div><\/div><\/div>\t<\/div>\n\t","protected":false},"excerpt":{"rendered":"<p>Das Referat f\u00fcr Klima- und Umweltschutz pr\u00e4sentiert \u201eWege in die Zukunft \u2013 f\u00fcr Dich und die Welt\u201c. In der vom Referat f\u00fcr Klima- und Umweltschutz pr\u00e4sentierten Ausstellung \u201eWege in die Zukunft \u2013 f\u00fcr Dich und die Welt\u201c haben Besucher*innen ab 10 Jahren w\u00e4hrend des diesj\u00e4hrigen Klimaherbstes die Gelegenheit, \u00fcber sechs Themenfelder des allt\u00e4glichen Lebens in [&hellip;]<\/p>\n","protected":false},"author":1,"featured_media":3586,"template":"","meta":{"_tribe_events_status":"","_tribe_events_status_reason":"","footnotes":""},"tags":[],"tribe_events_cat":[101],"class_list":["post-3547","tribe_events","type-tribe_events","status-publish","has-post-thumbnail","hentry","tribe_events_cat-nachhaltigkeit","cat_nachhaltigkeit"],"jetpack_sharing_enabled":true,"_links":{"self":[{"href":"https:\/\/tinypopup.de\/tiny-house-muenchen\/wp-json\/wp\/v2\/tribe_events\/3547","targetHints":{"allow":["GET"]}}],"collection":[{"href":"https:\/\/tinypopup.de\/tiny-house-muenchen\/wp-json\/wp\/v2\/tribe_events"}],"about":[{"href":"https:\/\/tinypopup.de\/tiny-house-muenchen\/wp-json\/wp\/v2\/types\/tribe_events"}],"author":[{"embeddable":true,"href":"https:\/\/tinypopup.de\/tiny-house-muenchen\/wp-json\/wp\/v2\/users\/1"}],"version-history":[{"count":0,"href":"https:\/\/tinypopup.de\/tiny-house-muenchen\/wp-json\/wp\/v2\/tribe_events\/3547\/revisions"}],"wp:featuredmedia":[{"embeddable":true,"href":"https:\/\/tinypopup.de\/tiny-house-muenchen\/wp-json\/wp\/v2\/media\/3586"}],"wp:attachment":[{"href":"https:\/\/tinypopup.de\/tiny-house-muenchen\/wp-json\/wp\/v2\/media?parent=3547"}],"wp:term":[{"taxonomy":"post_tag","embeddable":true,"href":"https:\/\/tinypopup.de\/tiny-house-muenchen\/wp-json\/wp\/v2\/tags?post=3547"},{"taxonomy":"tribe_events_cat","embeddable":true,"href":"https:\/\/tinypopup.de\/tiny-house-muenchen\/wp-json\/wp\/v2\/tribe_events_cat?post=3547"}],"curies":[{"name":"wp","href":"https:\/\/api.w.org\/{rel}","templated":true}]}}

Wanderausstellung zum Münchner Klimaherbst 2022

<h2>Das Referat für Klima- und Umweltschutz präsentiert „Wege in die Zukunft – für Dich und die Welt“.</h2>
<p>In der vom Referat für Klima- und Umweltschutz präsentierten Ausstellung „Wege in die Zukunft – für Dich und die Welt“ haben Besucher*innen ab 10 Jahren während des diesjährigen Klimaherbstes die Gelegenheit, über sechs Themenfelder des alltäglichen Lebens in den Klima- und Umweltschutz einzusteigen. Mit anschaulichen Objekten, kurzen Videos und einem Check des eigenen ökologischen Fußabdrucks wird anhand der 17 Ziele für nachhaltige Entwicklung gezeigt, wie der persönliche Lebensstil mit den Herausforderungen einer global nachhaltigen Entwicklung zusammenhängt. Viele verschiedene Münchner Organisationen und das Referat für Klima- und Umweltschutz stellen ihre aktuellen Projekte für ein nachhaltiges und lebenswertes München in der Ausstellung vor und stehen den Besucher*innen zu verschiedenen Terminen für persönliche Gespräche zur Verfügung. Kommen Sie vorbei und machen Sie mit!<br /><div class="fusion-align-block"><style>.fusion-button.button-1{border-radius:0px 0px 0px 0px;}</style><a class="fusion-button button-flat fusion-button-default-size button-default button-1 fusion-button-default-span fusion-button-default-type" target="_blank" rel="noopener noreferrer" href="http://muenchen.de/rku/klimaherbst"><span class="fusion-button-text">Alle Infos findest du hier!</span></a></div></p>
<p>Wir stellen am <strong>Samstag, den 22. Oktober von 13 bis 14.30 Uhr</strong> im persönlichen Gespräch mit den Ausstellungsbesucher*innen unser Projekt vor und erzählen von unseren Lösungen im Kleinen, die das große Ganze im Blick haben.</p>
<div class="fusion-align-block"><style>.fusion-button.button-2{border-radius:0px 0px 0px 0px;}</style><a class="fusion-button button-flat fusion-button-default-size button-default button-2 fusion-button-default-span fusion-button-default-type" target="_self" href="https://tinypopup.de/event/felicia-und-jonas-im-persoenlichen-gespraech"><span class="fusion-button-text">Felicia &amp; Jonas im persönlichen Gespräch</span></a></div>
<p>&nbsp;</p>








	<div class="fusion-sharing-box fusion-theme-sharing-box fusion-single-sharing-box">
		<h4>Teile diesen Beitrag!</h4>
		<div class="fusion-social-networks boxed-icons"><div class="fusion-social-networks-wrapper"><a class="fusion-social-network-icon fusion-tooltip fusion-facebook awb-icon-facebook" style="color:var(--sharing_social_links_icon_color);background-color:var(--sharing_social_links_box_color);border-color:var(--sharing_social_links_box_color);" data-placement="top" data-title="Facebook" data-toggle="tooltip" title="Facebook" href="https://www.facebook.com/sharer.php?u=https%3A%2F%2Ftinypopup.de%2Ftiny-house-muenchen%2Fevent%2Fwanderausstellung-zum-muenchner-klimaherbst-2022%2F&amp;t=Wanderausstellung%20zum%20M%C3%BCnchner%20Klimaherbst%202022" target="_blank" rel="noreferrer"><span class="screen-reader-text">Facebook</span></a><a class="fusion-social-network-icon fusion-tooltip fusion-twitter awb-icon-twitter" style="color:var(--sharing_social_links_icon_color);background-color:var(--sharing_social_links_box_color);border-color:var(--sharing_social_links_box_color);" data-placement="top" data-title="Twitter" data-toggle="tooltip" title="Twitter" href="https://twitter.com/share?url=https%3A%2F%2Ftinypopup.de%2Ftiny-house-muenchen%2Fevent%2Fwanderausstellung-zum-muenchner-klimaherbst-2022%2F&amp;text=Wanderausstellung%20zum%20M%C3%BCnchner%20Klimaherbst%202022" target="_blank" rel="noopener noreferrer"><span class="screen-reader-text">Twitter</span></a><a class="fusion-social-network-icon fusion-tooltip fusion-linkedin awb-icon-linkedin" style="color:var(--sharing_social_links_icon_color);background-color:var(--sharing_social_links_box_color);border-color:var(--sharing_social_links_box_color);" data-placement="top" data-title="LinkedIn" data-toggle="tooltip" title="LinkedIn" href="https://www.linkedin.com/shareArticle?mini=true&amp;url=https%3A%2F%2Ftinypopup.de%2Ftiny-house-muenchen%2Fevent%2Fwanderausstellung-zum-muenchner-klimaherbst-2022%2F&amp;title=Wanderausstellung%20zum%20M%C3%BCnchner%20Klimaherbst%202022&amp;summary=Das%20Referat%20f%C3%BCr%20Klima-%20und%20Umweltschutz%20pr%C3%A4sentiert%20%E2%80%9EWege%20in%20die%20Zukunft%20%E2%80%93%20f%C3%BCr%20Dich%20und%20die%20Welt%E2%80%9C.%0D%0AIn%20der%20vom%20Referat%20f%C3%BCr%20Klima-%20und%20Umweltschutz%20pr%C3%A4sentierten%20Ausstellung%20%E2%80%9EWege%20in%20die%20Zukunft%20%E2%80%93%20f%C3%BCr%20Dich%20und%20die%20Welt%E2%80%9C%20haben%20Besucher%2Ainnen%20ab%2010%20Jahren%20w%C3%A4h" target="_blank" rel="noopener noreferrer"><span class="screen-reader-text">LinkedIn</span></a><a class="fusion-social-network-icon fusion-tooltip fusion-whatsapp awb-icon-whatsapp" style="color:var(--sharing_social_links_icon_color);background-color:var(--sharing_social_links_box_color);border-color:var(--sharing_social_links_box_color);" data-placement="top" data-title="WhatsApp" data-toggle="tooltip" title="WhatsApp" href="https://api.whatsapp.com/send?text=https%3A%2F%2Ftinypopup.de%2Ftiny-house-muenchen%2Fevent%2Fwanderausstellung-zum-muenchner-klimaherbst-2022%2F" target="_blank" rel="noopener noreferrer"><span class="screen-reader-text">WhatsApp</span></a><a  class="fusion-social-network-icon fusion-tooltip fusion-mail awb-icon-mail fusion-last-social-icon" style="color:var(--sharing_social_links_icon_color);background-color:var(--sharing_social_links_box_color);border-color:var(--sharing_social_links_box_color);" data-placement="top" data-title="E-Mail" data-toggle="tooltip" title="E-Mail" href="mailto:?body=https://tinypopup.de/tiny-house-muenchen/event/wanderausstellung-zum-muenchner-klimaherbst-2022/&amp;subject=Wanderausstellung%20zum%20M%C3%BCnchner%20Klimaherbst%202022" target="_self" rel="noopener noreferrer"><span class="screen-reader-text">E-Mail</span></a><div class="fusion-clearfix"></div></div></div>	</div>

<p>Das Referat für Klima- und Umweltschutz präsentiert „Wege in die Zukunft – für Dich und die Welt“. In der vom Referat für Klima- und Umweltschutz präsentierten Ausstellung „Wege in die Zukunft – für Dich und die Welt“ haben Besucher*innen ab 10 Jahren während des diesjährigen Klimaherbstes die Gelegenheit, über sechs Themenfelder des alltäglichen Lebens in [&hellip;]</p>
