{"id":4186,"date":"2023-03-26T19:02:58","date_gmt":"2023-03-26T17:02:58","guid":{"rendered":"https:\/\/tinypopup.de\/?post_type=tribe_events&#038;p=4186"},"modified":"2023-06-26T10:38:44","modified_gmt":"2023-06-26T08:38:44","slug":"hofflohmarkt-pullach","status":"publish","type":"tribe_events","link":"https:\/\/tinypopup.de\/tiny-house-muenchen\/event\/hofflohmarkt-pullach\/","title":{"rendered":"Hofflohmarkt Pullach"},"content":{"rendered":"<h3>Am 2. Juli wird ganz Pullach zu einem riesigen Flohmarkt!<\/h3>\n<p>Auch wir \u00f6ffnen das Tiny PopUp Gartent\u00fcrchen f\u00fcr euch und sind gemeinsam mit unseren Nachbarn am Pullacher Hofflohmarkt mit dabei.<\/p>\n<h1>Um 13.00 und 15.00 Uhr gibt es ausserdem f\u00fcr alle Interessierten eine kurze Hausf\u00fchrung.<\/h1>\n<p>Bei uns in unmittelbarer N\u00e4he der Marienstrasse 9 gibt es auch noch weitere H\u00f6fe und in ganz Pullach sind es \u00fcber 100!<\/p>\n<p>Wir freuen uns auf euren Besuch.<\/p>\n<h4><a href=\"https:\/\/www.hofflohmaerkte.de\/plaene\/hofflohmaerkte-pullach-020723.pdf\" target=\"_blank\" rel=\"https:\/\/www.hofflohmaerkte.de\/plaene\/hofflohmaerkte-pullach-020723.pdf noopener\"><img data-recalc-dims=\"1\" decoding=\"async\" class=\"lazyload alignnone wp-image-4320 size-full\" src=\"https:\/\/i0.wp.com\/tinypopup.de\/wp-content\/uploads\/2023\/03\/Bildschirmfoto-2023-06-26-um-10.21.53.png?resize=948%2C756&#038;ssl=1\" data-orig-src=\"https:\/\/tinypopup.de\/wp-content\/uploads\/2023\/03\/Bildschirmfoto-2023-06-26-um-10.21.53.png\" alt=\"\" width=\"948\" height=\"756\" srcset=\"data:image\/svg+xml,%3Csvg%20xmlns%3D%27http%3A%2F%2Fwww.w3.org%2F2000%2Fsvg%27%20width%3D%27948%27%20height%3D%27756%27%20viewBox%3D%270%200%20948%20756%27%3E%3Crect%20width%3D%27948%27%20height%3D%27756%27%20fill-opacity%3D%220%22%2F%3E%3C%2Fsvg%3E\" data-srcset=\"https:\/\/i0.wp.com\/tinypopup.de\/wp-content\/uploads\/2023\/03\/Bildschirmfoto-2023-06-26-um-10.21.53.png?resize=177%2C142&amp;ssl=1 177w, https:\/\/i0.wp.com\/tinypopup.de\/wp-content\/uploads\/2023\/03\/Bildschirmfoto-2023-06-26-um-10.21.53.png?resize=200%2C159&amp;ssl=1 200w, https:\/\/i0.wp.com\/tinypopup.de\/wp-content\/uploads\/2023\/03\/Bildschirmfoto-2023-06-26-um-10.21.53.png?resize=300%2C239&amp;ssl=1 300w, https:\/\/i0.wp.com\/tinypopup.de\/wp-content\/uploads\/2023\/03\/Bildschirmfoto-2023-06-26-um-10.21.53.png?resize=400%2C319&amp;ssl=1 400w, https:\/\/i0.wp.com\/tinypopup.de\/wp-content\/uploads\/2023\/03\/Bildschirmfoto-2023-06-26-um-10.21.53.png?resize=600%2C478&amp;ssl=1 600w, https:\/\/i0.wp.com\/tinypopup.de\/wp-content\/uploads\/2023\/03\/Bildschirmfoto-2023-06-26-um-10.21.53.png?resize=768%2C612&amp;ssl=1 768w, https:\/\/i0.wp.com\/tinypopup.de\/wp-content\/uploads\/2023\/03\/Bildschirmfoto-2023-06-26-um-10.21.53.png?resize=800%2C638&amp;ssl=1 800w, https:\/\/i0.wp.com\/tinypopup.de\/wp-content\/uploads\/2023\/03\/Bildschirmfoto-2023-06-26-um-10.21.53.png?w=948&amp;ssl=1 948w\" data-sizes=\"auto\" data-orig-sizes=\"(max-width: 948px) 100vw, 948px\" \/><\/a><\/h4>\n<p>Weitere Infos zu den Hofflohm\u00e4rkten Pullach<\/p>\n<div class=\"fusion-align-block\"><style>.fusion-button.button-1{border-radius:0px 0px 0px 0px;}<\/style><a class=\"fusion-button button-flat fusion-button-default-size button-default button-1 fusion-button-default-span fusion-button-default-type\" target=\"_blank\" rel=\"noopener noreferrer\" href=\"https:\/\/www.hofflohmaerkte.de\/pullach\/\"><span class=\"fusion-button-text\">Hofflohm\u00e4rkte Pullach<\/span><\/a><\/div>\n<p>&nbsp;<\/p>\n","protected":false},"excerpt":{"rendered":"<p>Am 2. Juli wird ganz Pullach zu einem riesigen Flohmarkt! Auch wir \u00f6ffnen das Tiny PopUp Gartent\u00fcrchen f\u00fcr euch und sind gemeinsam mit unseren Nachbarn am Pullacher Hofflohmarkt mit dabei. Um 13.00 und 15.00 Uhr gibt es ausserdem f\u00fcr alle Interessierten eine kurze Hausf\u00fchrung. Bei uns in unmittelbarer N\u00e4he der Marienstrasse 9 gibt es auch [&hellip;]<\/p>\n","protected":false},"author":1,"featured_media":4187,"template":"","meta":{"_tribe_events_status":"","_tribe_events_status_reason":"","footnotes":""},"tags":[210,211,121],"tribe_events_cat":[101,98],"class_list":["post-4186","tribe_events","type-tribe_events","status-publish","has-post-thumbnail","hentry","tag-flohmarkt","tag-pullach","tag-tiny-popup-muenchen","tribe_events_cat-nachhaltigkeit","tribe_events_cat-kreislaufdenken","cat_nachhaltigkeit","cat_kreislaufdenken"],"jetpack_sharing_enabled":true,"_links":{"self":[{"href":"https:\/\/tinypopup.de\/tiny-house-muenchen\/wp-json\/wp\/v2\/tribe_events\/4186","targetHints":{"allow":["GET"]}}],"collection":[{"href":"https:\/\/tinypopup.de\/tiny-house-muenchen\/wp-json\/wp\/v2\/tribe_events"}],"about":[{"href":"https:\/\/tinypopup.de\/tiny-house-muenchen\/wp-json\/wp\/v2\/types\/tribe_events"}],"author":[{"embeddable":true,"href":"https:\/\/tinypopup.de\/tiny-house-muenchen\/wp-json\/wp\/v2\/users\/1"}],"version-history":[{"count":0,"href":"https:\/\/tinypopup.de\/tiny-house-muenchen\/wp-json\/wp\/v2\/tribe_events\/4186\/revisions"}],"wp:featuredmedia":[{"embeddable":true,"href":"https:\/\/tinypopup.de\/tiny-house-muenchen\/wp-json\/wp\/v2\/media\/4187"}],"wp:attachment":[{"href":"https:\/\/tinypopup.de\/tiny-house-muenchen\/wp-json\/wp\/v2\/media?parent=4186"}],"wp:term":[{"taxonomy":"post_tag","embeddable":true,"href":"https:\/\/tinypopup.de\/tiny-house-muenchen\/wp-json\/wp\/v2\/tags?post=4186"},{"taxonomy":"tribe_events_cat","embeddable":true,"href":"https:\/\/tinypopup.de\/tiny-house-muenchen\/wp-json\/wp\/v2\/tribe_events_cat?post=4186"}],"curies":[{"name":"wp","href":"https:\/\/api.w.org\/{rel}","templated":true}]}}

<h3>Am 2. Juli wird ganz Pullach zu einem riesigen Flohmarkt!</h3>
<p>Auch wir öffnen das Tiny PopUp Gartentürchen für euch und sind gemeinsam mit unseren Nachbarn am Pullacher Hofflohmarkt mit dabei.</p>
<h1>Um 13.00 und 15.00 Uhr gibt es ausserdem für alle Interessierten eine kurze Hausführung.</h1>
<p>Bei uns in unmittelbarer Nähe der Marienstrasse 9 gibt es auch noch weitere Höfe und in ganz Pullach sind es über 100!</p>
<p>Wir freuen uns auf euren Besuch.</p>
<h4><a href="https://www.hofflohmaerkte.de/plaene/hofflohmaerkte-pullach-020723.pdf" target="_blank" rel="https://www.hofflohmaerkte.de/plaene/hofflohmaerkte-pullach-020723.pdf noopener"><img data-recalc-dims="1" decoding="async" class="lazyload alignnone wp-image-4320 size-full" src="https://i0.wp.com/tinypopup.de/wp-content/uploads/2023/03/Bildschirmfoto-2023-06-26-um-10.21.53.png?resize=948%2C756&#038;ssl=1" data-orig-src="https://tinypopup.de/wp-content/uploads/2023/03/Bildschirmfoto-2023-06-26-um-10.21.53.png" alt="" width="948" height="756" srcset="data:image/svg+xml,%3Csvg%20xmlns%3D%27http%3A%2F%2Fwww.w3.org%2F2000%2Fsvg%27%20width%3D%27948%27%20height%3D%27756%27%20viewBox%3D%270%200%20948%20756%27%3E%3Crect%20width%3D%27948%27%20height%3D%27756%27%20fill-opacity%3D%220%22%2F%3E%3C%2Fsvg%3E" data-srcset="https://i0.wp.com/tinypopup.de/wp-content/uploads/2023/03/Bildschirmfoto-2023-06-26-um-10.21.53.png?resize=177%2C142&amp;ssl=1 177w, https://i0.wp.com/tinypopup.de/wp-content/uploads/2023/03/Bildschirmfoto-2023-06-26-um-10.21.53.png?resize=200%2C159&amp;ssl=1 200w, https://i0.wp.com/tinypopup.de/wp-content/uploads/2023/03/Bildschirmfoto-2023-06-26-um-10.21.53.png?resize=300%2C239&amp;ssl=1 300w, https://i0.wp.com/tinypopup.de/wp-content/uploads/2023/03/Bildschirmfoto-2023-06-26-um-10.21.53.png?resize=400%2C319&amp;ssl=1 400w, https://i0.wp.com/tinypopup.de/wp-content/uploads/2023/03/Bildschirmfoto-2023-06-26-um-10.21.53.png?resize=600%2C478&amp;ssl=1 600w, https://i0.wp.com/tinypopup.de/wp-content/uploads/2023/03/Bildschirmfoto-2023-06-26-um-10.21.53.png?resize=768%2C612&amp;ssl=1 768w, https://i0.wp.com/tinypopup.de/wp-content/uploads/2023/03/Bildschirmfoto-2023-06-26-um-10.21.53.png?resize=800%2C638&amp;ssl=1 800w, https://i0.wp.com/tinypopup.de/wp-content/uploads/2023/03/Bildschirmfoto-2023-06-26-um-10.21.53.png?w=948&amp;ssl=1 948w" data-sizes="auto" data-orig-sizes="(max-width: 948px) 100vw, 948px" /></a></h4>
<p>Weitere Infos zu den Hofflohmärkten Pullach</p>
<div class="fusion-align-block"><style>.fusion-button.button-1{border-radius:0px 0px 0px 0px;}</style><a class="fusion-button button-flat fusion-button-default-size button-default button-1 fusion-button-default-span fusion-button-default-type" target="_blank" rel="noopener noreferrer" href="https://www.hofflohmaerkte.de/pullach/"><span class="fusion-button-text">Hofflohmärkte Pullach</span></a></div>
<p>&nbsp;</p>

<p>Am 2. Juli wird ganz Pullach zu einem riesigen Flohmarkt! Auch wir öffnen das Tiny PopUp Gartentürchen für euch und sind gemeinsam mit unseren Nachbarn am Pullacher Hofflohmarkt mit dabei. Um 13.00 und 15.00 Uhr gibt es ausserdem für alle Interessierten eine kurze Hausführung. Bei uns in unmittelbarer Nähe der Marienstrasse 9 gibt es auch [&hellip;]</p>
