{"id":4551,"date":"2024-05-14T17:43:43","date_gmt":"2024-05-14T15:43:43","guid":{"rendered":"https:\/\/tinypopup.de\/tiny-house-muenchen\/?post_type=tribe_events&#038;p=4551"},"modified":"2024-05-14T17:50:36","modified_gmt":"2024-05-14T15:50:36","slug":"wie-sollen-wir-zukuenftig-wohnen","status":"publish","type":"tribe_events","link":"https:\/\/tinypopup.de\/tiny-house-muenchen\/event\/wie-sollen-wir-zukuenftig-wohnen\/","title":{"rendered":"Wie sollen wir zuk\u00fcnftig wohnen?"},"content":{"rendered":"<p>Im Rahmen des <span class=\"field--event_type\">Diskussionsabends<\/span><\/p>\n<h3><a href=\"https:\/\/www.petrakellystiftung.de\/de\/afar\/event%3Arecht-auf-gerecht-der-talk-ueber-gerechtigkeit-30\" target=\"_blank\" rel=\"noopener\">Recht auf gerecht! Der Talk \u00fcber Gerechtigkeit 3.0.<\/a><\/h3>\n<p>der <a href=\"https:\/\/www.petrakellystiftung.de\" target=\"_blank\" rel=\"noopener\">Petra Kelly Stiftung<\/a> wird Felicia zusammen mit Bernadette-Julia Felsch vom M\u00fcnchner Forum und Sebastian Lederer von den Architects for Future \u00fcber &#8222;<strong>Wie sollen wir zuk\u00fcnftig wohnen?<\/strong>&#8220; diskutieren. Geleitet wird die Diskussionsrunde von der Journalistin Helene Reiner.<strong><br \/>\n<\/strong><\/p>\n<p>Wir freuen uns auf einen spannenden Abend in der Alten Utting.<\/p>\n<div class=\"fusion-align-block\"><style>.fusion-button.button-1{border-radius:0px 0px 0px 0px;}<\/style><a class=\"fusion-button button-flat fusion-button-default-size button-default button-1 fusion-button-default-span fusion-button-default-type\" target=\"_self\" href=\"https:\/\/www.petrakellystiftung.de\/de\/afar\/event%3Arecht-auf-gerecht-der-talk-ueber-gerechtigkeit-30\" rel=\"noopener\"><span class=\"fusion-button-text\">Wie sollen wir zuk\u00fcnftig wohnen?<\/span><\/a><\/div>\n","protected":false},"excerpt":{"rendered":"<p>Im Rahmen des Diskussionsabends Recht auf gerecht! Der Talk \u00fcber Gerechtigkeit 3.0. der Petra Kelly Stiftung wird Felicia zusammen mit Bernadette-Julia Felsch vom M\u00fcnchner Forum und Sebastian Lederer von den Architects for Future \u00fcber &#8222;Wie sollen wir zuk\u00fcnftig wohnen?&#8220; diskutieren. Geleitet wird die Diskussionsrunde von der Journalistin Helene Reiner. Wir freuen uns auf einen spannenden [&hellip;]<\/p>\n","protected":false},"author":1,"featured_media":4555,"template":"","meta":{"_tribe_events_status":"","_tribe_events_status_reason":"","footnotes":""},"tags":[],"tribe_events_cat":[100,97],"class_list":["post-4551","tribe_events","type-tribe_events","status-publish","has-post-thumbnail","hentry","tribe_events_cat-wohnen","tribe_events_cat-politik","cat_wohnen","cat_politik"],"jetpack_sharing_enabled":true,"_links":{"self":[{"href":"https:\/\/tinypopup.de\/tiny-house-muenchen\/wp-json\/wp\/v2\/tribe_events\/4551","targetHints":{"allow":["GET"]}}],"collection":[{"href":"https:\/\/tinypopup.de\/tiny-house-muenchen\/wp-json\/wp\/v2\/tribe_events"}],"about":[{"href":"https:\/\/tinypopup.de\/tiny-house-muenchen\/wp-json\/wp\/v2\/types\/tribe_events"}],"author":[{"embeddable":true,"href":"https:\/\/tinypopup.de\/tiny-house-muenchen\/wp-json\/wp\/v2\/users\/1"}],"version-history":[{"count":0,"href":"https:\/\/tinypopup.de\/tiny-house-muenchen\/wp-json\/wp\/v2\/tribe_events\/4551\/revisions"}],"wp:featuredmedia":[{"embeddable":true,"href":"https:\/\/tinypopup.de\/tiny-house-muenchen\/wp-json\/wp\/v2\/media\/4555"}],"wp:attachment":[{"href":"https:\/\/tinypopup.de\/tiny-house-muenchen\/wp-json\/wp\/v2\/media?parent=4551"}],"wp:term":[{"taxonomy":"post_tag","embeddable":true,"href":"https:\/\/tinypopup.de\/tiny-house-muenchen\/wp-json\/wp\/v2\/tags?post=4551"},{"taxonomy":"tribe_events_cat","embeddable":true,"href":"https:\/\/tinypopup.de\/tiny-house-muenchen\/wp-json\/wp\/v2\/tribe_events_cat?post=4551"}],"curies":[{"name":"wp","href":"https:\/\/api.w.org\/{rel}","templated":true}]}}

Wie sollen wir zukünftig wohnen?

<p>Im Rahmen des <span class="field--event_type">Diskussionsabends</span></p>
<h3><a href="https://www.petrakellystiftung.de/de/afar/event%3Arecht-auf-gerecht-der-talk-ueber-gerechtigkeit-30" target="_blank" rel="noopener">Recht auf gerecht! Der Talk über Gerechtigkeit 3.0.</a></h3>
<p>der <a href="https://www.petrakellystiftung.de" target="_blank" rel="noopener">Petra Kelly Stiftung</a> wird Felicia zusammen mit Bernadette-Julia Felsch vom Münchner Forum und Sebastian Lederer von den Architects for Future über &#8222;<strong>Wie sollen wir zukünftig wohnen?</strong>&#8220; diskutieren. Geleitet wird die Diskussionsrunde von der Journalistin Helene Reiner.<strong><br />
</strong></p>
<p>Wir freuen uns auf einen spannenden Abend in der Alten Utting.</p>
<div class="fusion-align-block"><style>.fusion-button.button-1{border-radius:0px 0px 0px 0px;}</style><a class="fusion-button button-flat fusion-button-default-size button-default button-1 fusion-button-default-span fusion-button-default-type" target="_self" href="https://www.petrakellystiftung.de/de/afar/event%3Arecht-auf-gerecht-der-talk-ueber-gerechtigkeit-30" rel="noopener"><span class="fusion-button-text">Wie sollen wir zukünftig wohnen?</span></a></div>

<p>Im Rahmen des Diskussionsabends Recht auf gerecht! Der Talk über Gerechtigkeit 3.0. der Petra Kelly Stiftung wird Felicia zusammen mit Bernadette-Julia Felsch vom Münchner Forum und Sebastian Lederer von den Architects for Future über &#8222;Wie sollen wir zukünftig wohnen?&#8220; diskutieren. Geleitet wird die Diskussionsrunde von der Journalistin Helene Reiner. Wir freuen uns auf einen spannenden [&hellip;]</p>
